{"id":3812,"date":"2023-02-16T12:23:56","date_gmt":"2023-02-16T12:23:56","guid":{"rendered":"https:\/\/zha.pt\/?page_id=3812"},"modified":"2024-05-22T09:26:38","modified_gmt":"2024-05-22T09:26:38","slug":"espaco-comunitario-de-criacao","status":"publish","type":"page","link":"https:\/\/zha.pt\/index.php\/oficinas\/espaco-comunitario-de-criacao\/","title":{"rendered":"Espa\u00e7o Comunit\u00e1rio de Cria\u00e7\u00e3o"},"content":{"rendered":"<section class=\"wpb-content-wrapper\"><p>[vc_row][vc_column la_animation_name=&#8221;fadeInUp&#8221; la_animation_duration=&#8221;1&#8243; la_animation_delay=&#8221;.2&#8243; la_animation_iteration_count=&#8221;1&#8243;]<div id=\"la_divider69fb341fa230d\" class=\"js-el la-divider la-unit-responsive\" data-la_component=\"UnitResponsive\"  data-el_target='#la_divider69fb341fa230d'  data-el_media_sizes='{&quot;padding-top&quot;:&quot;lg:50px;&quot;}' ><\/div>\n<div id=\"la_heading_69fb341fa2470\" class=\"la-headings text-center m6-heading\"><div class=\"js-el subheading-tag la-unit-responsive\" style=\"\" ><p>Os <b>Espa\u00e7os Comunit\u00e1rios de Cria\u00e7\u00e3o<\/b> foram determinantes para a constru\u00e7\u00e3o de uma identidade &#8220;ZHA!&#8221; partilhada, estiveram abertos semanalmente, de janeiro a julho, nos bairros de Contumil (Escola Nicolau Nasoni \/ Nortevida\u00a0), do Lagarteiro (Pavilh\u00e3o do Lagarteiro) e do Cerco (Espa\u00e7o Todos \/ Uni\u00e3o Romani). Com acompanhamento das equipas parceiras (Sinergias, Nortevida, REDES e Fios e Desafios), foram espa\u00e7o de encontro, de liga\u00e7\u00e3o, de co-cria\u00e7\u00e3o, de ensaio e de conv\u00edvio!<\/p>\n<\/div><\/div>\n<div id=\"la_divider69fb341fa2502\" class=\"js-el la-divider la-unit-responsive\" data-la_component=\"UnitResponsive\"  data-el_target='#la_divider69fb341fa2502'  data-el_media_sizes='{&quot;padding-top&quot;:&quot;lg:50px;&quot;}' ><\/div>\n[\/vc_column][\/vc_row][vc_row full_width=&#8221;stretch_row_content&#8221; el_class=&#8221;la_row_gap_80&#8243; css=&#8221;.vc_custom_1676540936293{padding-bottom: 20px !important;background-color: #f6f6f6 !important;}&#8221;][vc_column width=&#8221;1\/3&#8243;][vc_single_image image=&#8221;3424&#8243; img_size=&#8221;full&#8221; alignment=&#8221;center&#8221;]<div id=\"la_heading_69fb341fa25fd\" class=\"la-headings text-center\"><h2 class=\"js-el heading-tag la-unit-responsive\" style=\"\" >Contumil<\/h2><div class=\"js-el subheading-tag la-unit-responsive\" style=\"\" ><p><strong>Escola Nicolau Nasoni<br \/>\n<\/strong>quartas-feiras<br \/>\n16h15 &#8211; 17h30<\/p>\n<\/div><\/div>\n[\/vc_column][vc_column width=&#8221;1\/3&#8243; la_animation_name=&#8221;fadeInUp&#8221; la_animation_duration=&#8221;1&#8243; la_animation_delay=&#8221;0.2&#8243; la_animation_iteration_count=&#8221;1&#8243; offset=&#8221;vc_col-md-4&#8243;][vc_single_image image=&#8221;3423&#8243; img_size=&#8221;full&#8221; alignment=&#8221;center&#8221;]<div id=\"la_heading_69fb341fa26fa\" class=\"la-headings text-center\"><h2 class=\"js-el heading-tag la-unit-responsive\" style=\"\" >Lagarteiro<\/h2><div class=\"js-el subheading-tag la-unit-responsive\" style=\"\" ><p><strong>Pavilh\u00e3o do Lagarteiro<br \/>\n<\/strong>quintas-feiras<br \/>\n16h00 &#8211; 18h00<\/p>\n<\/div><\/div>\n[\/vc_column][vc_column width=&#8221;1\/3&#8243; la_animation_name=&#8221;fadeInUp&#8221; la_animation_duration=&#8221;1&#8243; la_animation_delay=&#8221;0.4&#8243; la_animation_iteration_count=&#8221;1&#8243; offset=&#8221;vc_col-md-4&#8243;][vc_single_image image=&#8221;3422&#8243; img_size=&#8221;full&#8221; alignment=&#8221;center&#8221;]<div id=\"la_heading_69fb341fa27f4\" class=\"la-headings text-center\"><h2 class=\"js-el heading-tag la-unit-responsive\" style=\"\" >Cerco<\/h2><div class=\"js-el subheading-tag la-unit-responsive\" style=\"\" ><p><strong>Espa\u00e7o Todos<br \/>\n<\/strong>sextas-feiras<br \/>\n17h00 &#8211; 18h30<\/p>\n<\/div><\/div>\n[\/vc_column][\/vc_row][vc_row][vc_column width=&#8221;1\/4&#8243;][\/vc_column][vc_column width=&#8221;1\/2&#8243;][vc_gallery interval=&#8221;3&#8243; images=&#8221;4134,4135,4136,4137,4138,4139,4140,4141,4142,4143,4144,4145&#8243; img_size=&#8221;medium&#8221; onclick=&#8221;&#8221;][\/vc_column][vc_column width=&#8221;1\/4&#8243;][\/vc_column][\/vc_row][vc_row][vc_column][\/vc_column][\/vc_row]<\/p>\n<\/section>","protected":false},"excerpt":{"rendered":"<p>[vc_row][vc_column la_animation_name=&#8221;fadeInUp&#8221; la_animation_duration=&#8221;1&#8243; la_animation_delay=&#8221;.2&#8243; la_animation_iteration_count=&#8221;1&#8243;][\/vc_column][\/vc_row][vc_row full_width=&#8221;stretch_row_content&#8221; el_class=&#8221;la_row_gap_80&#8243; css=&#8221;.vc_custom_1676540936293{padding-bottom: 20px !important;background-color: #f6f6f6 !important;}&#8221;][vc_column width=&#8221;1\/3&#8243;][vc_single_image image=&#8221;3424&#8243; img_size=&#8221;full&#8221; alignment=&#8221;center&#8221;][\/vc_column][vc_column width=&#8221;1\/3&#8243; la_animation_name=&#8221;fadeInUp&#8221; la_animation_duration=&#8221;1&#8243; la_animation_delay=&#8221;0.2&#8243; la_animation_iteration_count=&#8221;1&#8243; offset=&#8221;vc_col-md-4&#8243;][vc_single_image image=&#8221;3423&#8243; img_size=&#8221;full&#8221; alignment=&#8221;center&#8221;][\/vc_column][vc_column&hellip;<\/p>\n","protected":false},"author":1,"featured_media":0,"parent":3809,"menu_order":0,"comment_status":"closed","ping_status":"closed","template":"","meta":{"footnotes":""},"class_list":["post-3812","page","type-page","status-publish","hentry"],"_links":{"self":[{"href":"https:\/\/zha.pt\/index.php\/wp-json\/wp\/v2\/pages\/3812","targetHints":{"allow":["GET"]}}],"collection":[{"href":"https:\/\/zha.pt\/index.php\/wp-json\/wp\/v2\/pages"}],"about":[{"href":"https:\/\/zha.pt\/index.php\/wp-json\/wp\/v2\/types\/page"}],"author":[{"embeddable":true,"href":"https:\/\/zha.pt\/index.php\/wp-json\/wp\/v2\/users\/1"}],"replies":[{"embeddable":true,"href":"https:\/\/zha.pt\/index.php\/wp-json\/wp\/v2\/comments?post=3812"}],"version-history":[{"count":8,"href":"https:\/\/zha.pt\/index.php\/wp-json\/wp\/v2\/pages\/3812\/revisions"}],"predecessor-version":[{"id":4146,"href":"https:\/\/zha.pt\/index.php\/wp-json\/wp\/v2\/pages\/3812\/revisions\/4146"}],"up":[{"embeddable":true,"href":"https:\/\/zha.pt\/index.php\/wp-json\/wp\/v2\/pages\/3809"}],"wp:attachment":[{"href":"https:\/\/zha.pt\/index.php\/wp-json\/wp\/v2\/media?parent=3812"}],"curies":[{"name":"wp","href":"https:\/\/api.w.org\/{rel}","templated":true}]}}